hen p is divided by 42?
38
Let f(k) be the second derivative of k**5/20 + k**4/3 - k**3/3 - k**2/2 + 2*k. Suppose -2*p - 2 = -8. Calculate the remainder when f(-4) is divided by p.
1
Let p = 180 + -147. Calculate the remainder when 99 is divided by p.
0
Let v(z) = -414*z**2. Let l be v(-1). Calculate the remainder when 36 is divided by (-2)/(-11) + l/(-22).
17
Suppose 4*y - 2*y = 6. Suppose -5*i + y*t + 44 - 14 = 0, -2*i = t - 23. Calculate the remainder when 15 is divided by i.
6
What is the remainder when (18/8)/((-5)/(-40)) is divided by 2 + (-2 - -1) + 9?
8
Let l = 61 + 17. Let g = l - 43. Calculate the remainder when g is divided by 12.
11
Suppose 5*c = -2*t + 4*t - 26, -4 = 2*t. Let n(r) = r**2 + 3*r + 1. Let w(b) = -3*b - 5. What is the remainder when n(c) is divided by w(-4)?
5
Let p be (-5)/(5/(-8))*1. Let s(h) = -h**3 + 9*h**2 - 6*h - 8. Calculate the remainder when -2*((-69)/(-2))/(-3) is divided by s(p).
7
Calculate the remainder when 54 is divided by (-32)/(-3) + 39/117.
10
Let s(n) = -n + 5. Let w be s(5). Suppose 4*i + 4*k - 48 = 0, -5*i = -w*i + 4*k - 62. Let z = 62 - 36. What is the remainder when z is divided by i?
12
Suppose 3*x + 19 = 73. Suppose m - 41 = -2*m + 2*u, -x = -m + 5*u. Suppose -2*p + 35 = -m. What is the remainder when 46 is divided by p?
22
Let f be (6/(-5))/(6/(-15)). Suppose 103 = o - f*c - 2*c, -3*c - 185 = -2*o. Suppose 16 = -3*r + o. Calculate the remainder when r is divided by 13.
11
Let x(z) = 2*z - 7. Let n be x(6). Let v be (-6)/27 + (-60)/(-27). Suppose -v*m = 3*m - n. Calculate the remainder when m is divided by 1.
0
Suppose l - 4*t + 15 = 72, 3*t = 4*l - 163. Let v = l - 24. What is the remainder when v is divided by 7?
6
Suppose -2*g - 7 = 2*d - 3*d, -3*d = 4*g - 1. Let l = -18 + 32. What is the remainder when (-2 - -40) + (0 - g) is divided by l?
12
Suppose -40 = -5*l + 5*y, 0*l - 4*y = -2*l + 26. Suppose -l*i + 147 = -27. Let p = -28 + i. Calculate the remainder when p is divided by 8.
6
Let k(s) = s**3 + 8*s**2 + 5*s - 3. What is the remainder when k(-5) is divided by 25?
22
Let j(y) = -250*y**3 - y**2. Let n be j(-1). Suppose n = -v + 4*v. What is the remainder when v is divided by 21?
20
Let k be (-18)/15*(-15)/2. Suppose -4*g = g - 25. Suppose 2*h - 27 = -g*w, h = 5*w - 33 + k. What is the remainder when 8 is divided by w?
3
Let z be 2/((-2)/31)*-1. Let d = z - 20. Calculate the remainder when (-562)/(-18) + (-8)/36 is divided by d.
9
Suppose 3*j + 26 = -2*j + h, 3*j + h = -14. Let g be 20/j*(2 + -1). Let a = -2 - g. What is the remainder when 4 is divided by a?
0
Suppose 2*v - 6 = -0*v + 4*t, 2*v = t + 21. What is the remainder when 36 is divided by v?
10
Suppose 5*c - 5 - 10 = 0. Let i be 0/(c/(-1)) + -9. What is the remainder when 3/i*-1*123 is divided by 14?
13
Let d(a) = 2*a**2 + 3*a + a**2 - 3*a**2 + 2*a**2 + 3. Suppose -3*j - 3*f = 0, j - 3*f = 2*j - 4. What is the remainder when 8 is divided by d(j)?
3
Let t be (-1)/4 + 4505/20. Suppose 4*s + o = t, -2*s = -3*o + 20 - 115. What is the remainder when s is divided by (19/(-4))/(2/(-8))?
17
Let a be ((-4)/5)/(10/(-25)). Let m(b) = -b + 3. Let c be m(3). Let p = c + a. What is the remainder when 5 is divided by p?
1
Let v(x) = -7*x - 1 - 5 - 4 - 2. What is the remainder when 62 is divided by v(-4)?
14
Suppose 4*m = 5*c - 0*c - 271, 57 = c + 2*m. Suppose -28 = j - 3*j. Calculate the remainder when c is divided by j.
13
Suppose 2*t - 4*w = 7*t - 66, 27 = 2*t + w. Let q = -7 + 13. What is the remainder when t is divided by q?
2
Suppose 1 + 3 = 2*y. Let b = -35 + 36. What is the remainder when y is divided by b?
0
Let v = 23 + 51. Calculate the remainder when v is divided by 21.
11
Let y(l) = -l**3 - 5*l**2 - 7*l - 6. Let o be y(-4). Let d(h) = 2*h**2 - 9*h + 8. Calculate the remainder when d(o) is divided by 14.
12
What is the remainder when (-182)/(-6) - (-12)/18 - -3 is divided by -1*(-2)/(-1) + 20?
16
Suppose -35 = -2*b + b. What is the remainder when b is divided by -36*1*(-5)/15?
11
Suppose -o + 35 = 4*o. Calculate the remainder when 12 is divided by o.
5
Let a = 26 + 9. Calculate the remainder when a is divided by 18.
17
Suppose -5*o = -0*o - 60. Suppose -a - t + 19 = 0, -4*t = -4*a + 72 + o. What is the remainder when 39 is divided by a?
19
Suppose l - 31 - 52 = 0. Let k = l - 47. What is the remainder when k is divided by (-2)/(-7) - (-131)/7?
17
Suppose -4*a - 37 = -3*n, -4*n + 4*a = -0*n - 56. What is the remainder when 56 is divided by n?
18
Suppose 3*m + 2*y - 19 = 0, 12 = 4*m + y - 20. Let z be (-2)/(-5) + 36/10. Let a = z + 1. Calculate the remainder when m is divided by a.
4
Let o be (-31)/(-6) + (-1)/6. Suppose -m + o*i + 0 = 1, -4*i + 116 = 4*m. What is the remainder when m is divided by 9?
6
Suppose -142 = -5*m - 27. Suppose 4*o + 0*d = -3*d + 31, 2*o + 3*d - m = 0. Suppose o*i - 6 = i. What is the remainder when 5 is divided by i?
1
Let u = 18 - -46. Calculate the remainder when u is divided by 22.
20
Let a = -5 + 20. What is the remainder when 27 is divided by a?
12
Calculate the remainder when 124 is divided by (-2 - (-2 + (0 - 2))) + 23.
24
Let z = 244 + -209. Calculate the remainder when 139 is divided by z.
34
Let u be 3 + 16/2 + 2. Let j = 52 - u. Calculate the remainder when j is divided by 10.
9
Let f = -5 + -18. Let b be (4/5)/(5/(-200)). Let r = f - b. What is the remainder when 16 is divided by r?
7
Suppose 2*d + d = 81. Suppose 5*s - d = 3*b + 11, 4*s - 52 = -3*b. What is the remainder when -1*(-2)/(-12) - (-350)/12 is divided by s?
9
Suppose 0*p + 72 = 6*p. Calculate the remainder when p is divided by 7/(1 + (-1 - -1)).
5
Let y(b) = 4*b + 1. Let n be y(-2). Let f = -5 - n. What is the remainder when 6 is divided by f?
0
Let k(h) = -h - 2. Suppose -3*u + 3*c = -6, -24 = 3*u - c + 4*c. What is the remainder when k(u) is divided by 9/12 + (-1)/(-4)?
0
Suppose 0*h = 2*r + h - 10, -8 = -4*r - 5*h. What is the remainder when 29 is divided by r?
1
Let c be (-6 - -1)/((-1)/13). Suppose 0*g = 4*g + n - c, -2*g = -n - 37. What is the remainder when g is divided by 6?
5
Suppose 2 = -4*r + 10. Suppose -4*i = -22 + r. Calculate the remainder when i is divided by 2 + 1/(2 - 1).
2
What is the remainder when 50 is divided by (3 - 168/(-27)) + 6/(-27)?
5
Let l(o) = o**2 + 2*o - 16. What is the remainder when 9 is divided by l(-6)?
1
Let z(k) = k**3 - 4*k**2 + 3*k + 1. Calculate the remainder when z(5) is divided by 7.
6
Let c(u) = -3*u + 16. Let h be c(-12). Suppose w = -9 + h. What is the remainder when w is divided by 9?
7
Let a(x) = x**3 + 8*x**2 + 8*x - 1. Suppose 5*s - 5*c + 15 = 0, 2*s - c + 5*c + 24 = 0. Calculate the remainder when a(s) is divided by 8.
7
Suppose 3*f = 6*f + 171. Calculate the remainder when 2/7 + f/(-21) is divided by 2.
1
Suppose -6*q + 16 = -2*q. Suppose -q*f + 117 = 5*g, -5*g - f = -63 - 60. Let r(x) = x**2 + 5*x + 7. What is the remainder when g is divided by r(-6)?
12
Suppose 24 = -p + 5*p. Calculate the remainder when 15 is divided by p.
3
Let i be ((-12)/15)/(2/(-5)). Suppose -4*m = -i*m - 38. What is the remainder when 55 is divided by m?
17
Suppose t + 9 = -2*t. Let p(n) = 2*n + 1. What is the remainder when (-62)/t - (-2)/(-3) is divided by p(5)?
9
Let b = 1 - 1. Suppose 25 = 5*p - b*p. What is the remainder when 19 is divided by p?
4
Let g(q) = -q**2 + 12*q + 2. Let y = 5 + -1. Suppose -2*c - y*n = -5*c + 16, 0 = 3*c - n - 22. Calculate the remainder when g(10) is divided by c.
6
Suppose 3*d - 99 = q - 2, -2*d + 68 = -4*q. Calculate the remainder when d is divided by 17.
15
Suppose 76 - 24 = 4*r. Calculate the remainder when 50 is divided by r.
11
Let q(n) = 5*n**2 - 2*n + 3. Calculate the remainder when q(3) is divided by 9.
6
Suppose -5*f - l + 80 = 0, 6*f - 19 = 4*f - 3*l. What is the remainder when 30 is divided by f?
13
Let d be (-1)/((3 - 2) + -2). Let c be d - -2*(-58)/(-4). Suppose -4*v + 2*v = -c. Calculate the remainder when 28 is divided by v.
13
Suppose 90 = 3*f - 102. Calculate the remainder when f is divided by 17.
13
Suppose -2*q + 4*h - 3 - 5 = 0, 0 = 4*q - 3*h - 9. Calculate the remainder when 29 is divided by q.
5
Suppose -3*b + 0 = -t + 3, -2*t - 2 = 2*b. Suppose 0 = x - 4, -5*c + t*x + 2*x + 57 = 0. What is the remainder when 24 is divided by c?
11
Suppose -3*y - 3